 be ((-20)/16)/((-2)/(-8)). What is m(u)?
5
Let w(s) = -s + 2. Suppose -2*l + 6 = -0*l. Determine w(l).
-1
Let q(m) = -3*m**2 + m. Let r = -3 - -7. Suppose -3*s = 8 + r. Let o(t) = t**2 + 2*t - 7. Let c be o(s). Calculate q(c).
-2
Let v(n) be the second derivative of 6*n + 0*n**3 + 1/20*n**5 + 0 + 7/12*n**4 + n**2. What is v(-7)?
2
Let n(i) = 13*i**2 + 3. Let j(r) = -9*r**2 - 2. Let u(g) = -6*g + 16. Let q be u(4). Let f(s) = q*j(s) - 5*n(s). Determine f(-1).
8
Let x(y) = -y**2 + 2. Let m(o) = -6*o - 5. Let n(b) = m(b) + x(b). Give n(-7).
-10
Let f(z) = -51*z. Suppose y = -18*a + 13*a + 6, -5*a = -5*y. Determine f(a).
-51
Let j(h) be the first derivative of -h**3/3 + 5*h**2/2 - 4*h - 75. Calculate j(5).
-4
Suppose 6*r - 4*r = 4. Let z(a) = 1064 - 2*a**r - 1064 + 3*a. Give z(3).
-9
Let s(a) = a**2 - 2*a. Let z be s(5). Suppose 6*c - z = 3*c. Let f(j) = -j + 4. Let y(i) = -1. Let l(v) = -f(v) + 3*y(v). What is l(c)?
-2
Let c be (-140)/315*9/(-2). Let g(i) = -84*i**3 - 3*i - 86*i**3 + 169*i**3 + 4*i**c. Let a(l) = l - 3. Let z be a(6). Determine g(z).
0
Let f(x) be the second derivative of x**4/12 + x**3/6 - 7*x**2/2 - 3*x - 12. Calculate f(3).
5
Let d = 27 + -27. Let u(o) = -19*o**2 + 20*o**2 + 3 - 2*o + o. Calculate u(d).
3
Let o = -64 - -67. Suppose -o*u - 19 = -2*q, 0 = q - u + 2 - 9. Let s(w) = w**3 - 2*w**2 + 1. Calculate s(q).
1
Let h = -221 - -224. Let r(k) be the second derivative of 2*k**2 - k + 1/2*k**h + 0. What is r(-4)?
-8
Let k(y) = y**3 + 6*y**2 - 9*y - 10. Let t be k(-7). Let z(j) = j + t*j + 3 - 2*j + 3*j**2 + j**3. Let d be (-2 + 0)*(-6)/(-4). Give z(d).
-6
Let s(v) = -v**2 + 6*v + 5. Let g(u) = -2*u - 10. Let f(x) = -3*x + 24. Let t be f(10). Let j be g(t). Suppose -j*o = 2*w - 8, 4*o - 21 = 3*w + 2. Give s(o).
10
Let z(q) = 113*q - 4. Let p(f) = -323*f + 11. Let b(i) = 7*p(i) + 20*z(i). Suppose -6 + 0 = 2*k. Determine b(k).
0
Let m(b) = -148*b + 4 - 2 + 150*b + 13. Determine m(-5).
5
Let o(g) be the first derivative of -3*g**2/2 - 7*g + 43. What is o(-3)?
2
Let d(j) = -310016 + 5*j + 310016. What is d(2)?
10
Let a(q) be the second derivative of 0 - 13*q - 1/12*q**4 + 0*q**2 + 1/2*q**3. Give a(3).
0
Let b(c) be the third derivative of c**4/12 - 11*c**3/6 - 9*c**2 + 8*c. Determine b(13).
15
Let u(n) = -n**3 + 6*n**2 - 4*n - 2. Let h be -2 + ((-45)/(-5) - 2). Let f be u(h). Let l(j) = j + 2. What is l(f)?
5
Let z = 1744 + -1748. Let b(p) = -p**3 - 4*p**2 - 3*p + 5. Calculate b(z).
17
Let m(w) = 7*w**2 + 75*w + 50. Let i(x) = -4*x**2 - 43*x - 25. Let k(p) = 5*i(p) + 3*m(p). Give k(-7).
4
Suppose -2*p = -4, 5*i - p + 0*p = -17. Suppose 3*x - 4*q = -10 - 6, -5*q + 20 = -4*x. Let l(v) = 0*v - 4 + v**3 + x*v + 4*v**2 + 1 + 2*v. Calculate l(i).
0
Let j(r) = -r + 5. Let l(w) = -w**2 + 35 + 3*w + 4*w - 42. Let s be l(3). What is j(s)?
0
Suppose -3*i + x = -11, -4*i - 3*x + 8 = 2. Let q(s) be the second derivative of 0 - 4*s**2 + 4*s + 7/6*s**i - 1/12*s**4. What is q(6)?
-2
Let q be ((-51)/15 - -3)/((-4)/20). Let g(y) = -q*y**2 + 387*y - 391*y + 0*y**3 + y**3. Let o(f) = -f**2 - 8*f - 9. Let t be o(-6). Give g(t).
-3
Let f(v) = v**2 + 2*v - 3. Let q be 8/(-3)*(-18)/8. Let p be (-3)/(-2)*8/q. Suppose -p*a = -2 + 8. Calculate f(a).
0
Suppose -548*y + 543*y = 20. Let u(v) be the second derivative of v + 1/6*v**3 + 0 - 3/2*v**2. What is u(y)?
-7
Let s(q) = -q**3 + 5*q**2 - q - 2. Let c(l) = -l**3 - l**2 - l + 7. Let k be c(0). Suppose 23 + k = 6*g. Determine s(g).
-7
Let x(a) = -11*a - 113. Let u be x(-10). Let v(z) = 2*z**2 - 4*z**2 + 3*z**2 - 4. Calculate v(u).
5
Let k = -15 - -19. Suppose -5*b - k*c - 1 = 0, -3*b - 6 = -0*c - 3*c. Let u(r) = r. Let v(i) = -1. Let g(t) = -u(t) - v(t). What is g(b)?
2
Let c(n) = 10*n - 186. Let j(x) = -2*x + 37. Let k(w) = 3*c(w) + 16*j(w). Give k(11).
12
Let h(c) = -c**2 + 10*c - 15. Let w be h(7). Let f(a) be the first derivative of -7 + 1/4*a**4 + 6*a - 1/2*a**2 - 2*a**3. Calculate f(w).
0
Let y(i) = i**2 - 6*i + 4. Suppose -5*r = -14 - 16. Let w(v) = -v**2 + 6*v - 4. Let k(n) = r*y(n) + 5*w(n). What is k(7)?
11
Let j(r) be the second derivative of -r**4/12 - 7*r**3/6 - 3*r**2 - 115*r - 1. Give j(-7).
-6
Suppose -5*o + 3*o = -10. Let j be (19 + 1)*2/o. Let v(l) = -l + 8. Give v(j).
0
Let i be 1/2 + (-6)/4. Let d(b) be the second derivative of b**7/140 - b**6/180 - b**5/120 + b**3/3 - 3*b. Let r(o) be the second derivative of d(o). Give r(i).
-7
Let z be 2*1*5/2. Let o(s) = 7*s**3 - 9*s**2 - 8*s + 9. Let b(k) = -13*k**3 + 17*k**2 + 16*k - 17. Let q(a) = -6*b(a) - 11*o(a). Determine q(z).
13
Let l(h) be the second derivative of h**5/20 - 2*h**4/3 + 3*h**3/2 - 5*h**2 + h - 67. What is l(7)?
4
Let p(i) = i - i + 37 + 4604*i**2 - 4603*i**2. What is p(0)?
37
Let l be 22/(2 - (-2 - -2)). Let n = -6 + l. Let w(a) = 7*a - 17. Let u(b) = -b + 1. Let j(d) = -6*u(d) - w(d). What is j(n)?
6
Let b be (-4)/6*1/(-1)*-6. Let a(m) = -m**3 - 6*m**2 + 2*m + 4. Determine a(b).
-36
Let m(k) be the third derivative of -k**5/30 + k**4/6 + k**3/2 - 29*k**2. Give m(-2).
-13
Suppose 0 = -3*o + 2*o + 3. Let j(y) = -2*y**2 + o - y + 0*y**2 + 3*y**2. Let l(t) = -t**3 + 3*t**2 - t - 2. Let z be l(2). Determine j(z).
3
Let k(o) = o**3 - 2*o**2 - 2. Let a be (2/(-4))/((-2)/16). Suppose 0*m = -a*m + 12. Suppose -y + 5*c = m*y - 37, c + 8 = y. What is k(y)?
7
Let f(u) = -u + 1. Suppose b - 2 = -4. Let z be f(b). Let y(l) = l**2 - 3*l**2 + 6 + 2 - 4 - l**3 + z*l. Calculate y(-3).
4
Let m(z) = z**3 + 6*z**2 + 8*z. Let q be 6/(-36)*-8 + 13/(-3). Let h be m(q). Let v(j) = j + 1. What is v(h)?
4
Let l(c) be the second derivative of -5*c**3/6 - 5*c**2/2 - 115*c. Determine l(-4).
15
Let n = 1285 - 1278. Let j(t) = -t**2 + 9*t - 4. Calculate j(n).
10
Suppose 2*h - q - 106 - 7 = 0, 4*q + 20 = 0. Let l = -47 + h. Let r(t) = -t**2 + 8*t + 8. What is r(l)?
15
Let n(q) be the second derivative of -q**4/12 + q**3/3 - 2*q**2 - 21*q. Let w = -42 + 46. Determine n(w).
-12
Let i(s) be the first derivative of -9*s**2/2 + 29*s - 21. Let c be i(4). Let q(d) = -d**2 - 7*d - 1. Calculate q(c).
-1
Let p(w) = -w**3 - 3*w**2 - 5*w - 12. Let s be p(-3). Let r(j) be the second derivative of s*j + 5/2*j**2 + 2/3*j**3 + 0 - 1/20*j**5 - 1/4*j**4. What is r(-4)?
5
Let i(a) = -7*a + 8. Let f(r) = 8*r - 6. Let m(t) = -5*f(t) - 4*i(t). Determine m(3).
-38
Suppose -19*u = -16*u - 6. Let q(g) be the first derivative of -g**7/840 + g**4/12 - g**3/3 + 5. Let n(i) be the third derivative of q(i). What is n(u)?
-6
Let j(g) = -g**2 + 3*g + 2. Let o be (-2 + 0/(-3))/1. What is j(o)?
-8
Let x(p) be the first derivative of p**3/3 - 3*p**2 + 11*p - 121. What is x(5)?
6
Let z(l) = 31*l + 55. Let r(a) = 11*a + 18. Let w(i) = 8*r(i) - 3*z(i). Give w(-5).
4
Let d(v) = v**3 - 8*v**2 - 8*v + 5. Suppose -33*y = -186 - 111. What is d(y)?
14
Let p be 12/(-22)*(66/(-4) + 11). Let n(z) = 6*z**3 + 8*z**2 - 2*z - 2. Let a(k) = 5*k**3 + 7*k**2 - k - 2. Let x(v) = 7*a(v) - 6*n(v). Give x(p).
-5
Let l(r) = r**3 - 13*r**2 + 15*r + 15. Let u(w) = -2*w**3 + 25*w**2 - 28*w - 29. Let b(s) = -7*l(s) - 4*u(s). What is b(8)?
3
Let g = 81 + -115. Let t = -43 - g. Let b(i) = -i**3 - 9*i**2 + i + 4. Calculate b(t).
-5
Let g be 1 + -1 + 1 + -1. Suppose -t - t = -8. Suppose 2*l + 2 = -0*l, g = -t*z - 4*l + 4. Let r(v) = -3*v**2 + 4*v - 3. Give r(z).
-7
Let i(u) = -32*u + 46. Let v(h) = -6*h + 9. Let k(p) = -2*i(p) + 11*v(p). Suppose 2*o - 12 = -0*o. Calculate k(o).
-5
Let k(v) = 6 + 8*v**2 - 5*v - 1 - v**2 - 4*v**3 + v + 3*v**3. Determine k(6).
17
Suppose u - 3 = 3*d + 8, 0 = -5*u + 5*d + 35. Let o = u + -5. Suppose o + 3 = 3*g. Let z(q) = 5*q**2 - q. Give z(g).
4
Suppose -86 = 14*d + 29*d. Let y(n) = 2*n**3 - n**2 - 3*n - 1. Give y(d).
-15
Let o(d) = d**2 + 4*d - 3. Let y(t) = -2*t**2 - 7*t + 7. Let i(p) = 9*o(p) + 4*y(p). Suppose 3*z - 23 = c - 7, -4*c - 13 = 5*z. Determine i(c).
-6
Suppose 11*m = 172 + 587. Let p = 66 - m. Let h(y) = y**2 + 2*y - 4. What is h(p)?
-1
Let j(v) = 6*v**3 - 8*v**2 - 12*v + 5. Let q(s) = -5*s**3 + 7*s**2 + 11*s - 4. Let d(m) = -4*j(m) - 5*q(m). What is d(5)?
15
Let r(j) = -7*j + 7. Suppose 0 + 4 = -p. Let v be (52/16)/(1/p). Let m(f) = -15*f + 15. Let i(z) = v*r(z) + 6*m(z). Give i(0).
-1
Let z = -337 - -332. Let s(h) = h**3 + 5*h**2 + 2*h + 4. What is s(z)?
-6
Let t(j) = 3*j.